ghest common divisor of 1359066 and 216?
6
Calculate the greatest common factor of 31851455 and 1220.
305
What is the greatest common divisor of 213840 and 3373326?
5346
What is the greatest common divisor of 483641 and 51045?
83
What is the greatest common factor of 15220490 and 110?
10
What is the greatest common factor of 269651629 and 2223?
247
What is the highest common factor of 237 and 202773?
3
Calculate the highest common divisor of 28957322 and 2182.
2182
What is the highest common divisor of 27530 and 142?
2
What is the greatest common factor of 3892 and 603736?
28
What is the greatest common factor of 21516 and 2332?
44
Calculate the highest common divisor of 5528835 and 6258915.
7605
Calculate the greatest common divisor of 21576 and 986.
58
Calculate the highest common factor of 300144 and 145854.
222
What is the highest common factor of 69851 and 161759?
23
What is the highest common factor of 9260499 and 447?
447
Calculate the highest common divisor of 31263141 and 345.
69
Calculate the greatest common factor of 807971109 and 3817.
3817
What is the greatest common factor of 97340 and 14220?
20
What is the greatest common factor of 101542837 and 4291?
613
What is the highest common factor of 11602552 and 7540?
1508
Calculate the greatest common divisor of 44028716 and 92.
92
What is the greatest common divisor of 148048 and 720?
16
What is the greatest common factor of 356145 and 16455?
15
Calculate the greatest common factor of 490119936 and 256.
256
Calculate the highest common divisor of 214259459 and 1.
1
Calculate the greatest common divisor of 595 and 88247.
17
What is the highest common divisor of 30387 and 80061063?
4341
What is the highest common divisor of 1793 and 244129827?
163
Calculate the greatest common divisor of 5265 and 426335.
65
What is the highest common factor of 5536148 and 1804?
164
Calculate the greatest common divisor of 286 and 23123804.
22
Calculate the highest common divisor of 187144 and 299556.
628
Calculate the greatest common divisor of 118 and 8689874.
118
What is the highest common divisor of 68663 and 146846?
119
What is the highest common divisor of 3655943 and 928?
29
What is the greatest common divisor of 21036254 and 58?
2
What is the greatest common factor of 6902609 and 3477593?
7511
Calculate the highest common factor of 24309 and 25486821.
333
Calculate the greatest common divisor of 10960 and 32097730.
1370
Calculate the highest common factor of 44 and 420676.
4
What is the greatest common factor of 493294 and 24178?
314
Calculate the greatest common factor of 26266257 and 314.
157
What is the greatest common divisor of 5436 and 100200580?
604
Calculate the greatest common factor of 21905525 and 103.
103
What is the greatest common divisor of 33476 and 566?
2
What is the highest common factor of 31006464 and 3840?
768
What is the highest common divisor of 16385 and 369605?
145
Calculate the greatest common divisor of 1779 and 6051.
3
What is the highest common divisor of 2720 and 151880?
40
Calculate the highest common divisor of 198403 and 995.
199
What is the greatest common divisor of 47 and 57912601?
47
Calculate the greatest common divisor of 43 and 314011241.
43
What is the greatest common factor of 85272273 and 27?
9
What is the greatest common factor of 924804 and 1056?
12
What is the greatest common factor of 594560 and 448?
64
Calculate the greatest common divisor of 82 and 156474.
2
Calculate the greatest common factor of 2626 and 4791238.
202
What is the highest common divisor of 206975 and 2975?
425
What is the greatest common factor of 372 and 47896240?
124
What is the greatest common divisor of 2380 and 35591965?
85
What is the highest common factor of 1664618850 and 1566?
1566
What is the greatest common divisor of 970 and 1224075010?
970
What is the greatest common factor of 66563508 and 726?
66
What is the highest common divisor of 1542 and 471946062?
1542
What is the greatest common divisor of 14170 and 19824920?
1090
Calculate the highest common divisor of 344344869 and 957.
957
What is the greatest common divisor of 54 and 244562922?
54
What is the highest common divisor of 436860756 and 1566?
1566
Calculate the greatest common divisor of 158895576 and 36.
36
What is the highest common factor of 720991450 and 100?
50
Calculate the highest common divisor of 36 and 652329.
9
What is the greatest common factor of 4470392 and 6001?
353
What is the greatest common divisor of 848 and 448380?
212
What is the greatest common divisor of 27910335 and 135?
15
Calculate the greatest common divisor of 1164 and 48569840.
388
Calculate the greatest common factor of 27712 and 2687198.
866
Calculate the highest common factor of 4435149 and 129.
129
What is the highest common divisor of 20447 and 147?
7
Calculate the highest common divisor of 7 and 10711001.
7
What is the greatest common divisor of 174 and 10489706?
58
What is the highest common factor of 56187 and 439091?
2081
What is the highest common factor of 9036336 and 14220?
948
What is the highest common divisor of 25185 and 168849?
219
Calculate the highest common factor of 17599215 and 375.
15
What is the highest common factor of 5933 and 4167409?
349
What is the greatest common factor of 32102 and 212051?
7
What is the highest common factor of 69 and 2344620?
69
Calculate the highest common factor of 992 and 26419936.
992
Calculate the greatest common factor of 4350 and 80711350.
1450
Calculate the highest common divisor of 88172 and 83884.
268
What is the highest common factor of 121872 and 192?
48
Calculate the highest common factor of 355322 and 6138.
682
Calculate the highest common divisor of 26176 and 1601644.
1636
Calculate the highest common factor of 6420 and 34020.
60
What is the highest common divisor of 88 and 110639452?
44
What is the greatest common divisor of 880 and 11193160?
440
Calculate the highest common divisor of 12935855 and 1659.
79
What is the highest common divisor of 1257384 and 75?
3
What is the greatest common divisor of 16 and 10932664?
8
What is the highest common factor of 831332 and 44?
4
What is the greatest common factor of 1292837 and 22581?
13
What is the highest common factor of 36084 and 8556?
372
Calculate the greatest common factor of 22 and 38627006.
22
What is the highest common divisor of 87497433 and 18?
9
Calculate the highest common factor of 18503749 and 11.
11
Calculate the greatest common divisor of 1007829 and 783.
27
Calculate the greatest common divisor of 341 and 119412.
31
What is the greatest common factor of 488638331 and 199?
199
What is the highest common factor of 5075856 and 6?
6
What is the greatest common factor of 420 and 992985?
105
Calculate the highest common divisor of 541080 and 1310.
10
What is the greatest common factor of 86674 and 7028?
14
Calculate the greatest common factor of 23650256 and 1656.
184
What is the greatest common factor of 1929837 and 17472?
273
Calculate the greatest common divisor of 4556 and 2840088.
68
Calculate the highest common factor of 49416294 and 4548.
2274
What is the highest common divisor of 10905400 and 20?
20
Calculate the highest common factor of 414922334 and 3932.
1966
What is the highest common factor of 11013635 and 190?
95
Calculate the highest common factor of 10406622 and 904.
226
Calculate the highest common divisor of 6115632 and 278124.
516
Calculate the highest common factor of 12293 and 8246.
19
Calculate the greatest common factor of 37436490 and 30.
30
What is the greatest common divisor of 51417976 and 24?
8
What is the highest common divisor of 5550 and 19325?
25
What is the greatest common divisor of 593 and 1849055834?
593
Calculate the greatest common factor of 38164 and 1943732.
1316
What is the highest common factor of 7423532 and 8?
4
What is the highest common factor of 8158 and 118319553?
4079
Calculate the highest common factor of 3703504 and 20468.
1204
What is the greatest common factor of 149496 and 524?
4
What is the greatest common factor of 402750 and 156088?
358
What is the highest common divisor of 5018 and 23408198?
386
What is the greatest common factor of 5140225 and 104525?
925
Calculate the highest common divisor of 11816590 and 231440.
2630
What is the highest common divi